ase 16.
18e6
67a (base 11) to base 14
421
What is 387 (base 10) in base 15?
1ac
What is 7705 (base 11) in base 8?
23671
What is 11101001010100 (base 2) in base 8?
35124
Convert 7461 (base 10) to base 7.
30516
What is -2323 (base 6) in base 15?
-270
-19b (base 16) to base 11
-344
-1572 (base 12) to base 3
-10110212
Convert 3267 (base 12) to base 4.
1112233
-2275 (base 11) to base 8
-5652
2420 (base 6) to base 8
1114
Convert -122200 (base 3) to base 4.
-13131
-1229 (base 15) to base 4
-330120
Convert 13427 (base 10) to base 2.
11010001110011
152 (base 14) to base 15
12d
-df5c (base 16) to base 15
-11e20
Convert b0 (base 12) to base 6.
340
Convert -70a (base 15) to base 12.
-b01
What is 32153 (base 6) in base 10?
4389
What is 102432 (base 5) in base 3?
11210100
What is -1782 (base 12) in base 11?
-2147
-1208 (base 12) to base 7
-5621
-1010110110111011 (base 2) to base 13
-17322
What is -1128 (base 12) in base 11?
-1481
-b9b (base 12) to base 3
-2100002
What is 37165 (base 10) in base 16?
912d
Convert 494 (base 10) to base 6.
2142
-110001111 (base 2) to base 11
-333
Convert -131400 (base 5) to base 8.
-12151
What is ddc (base 15) in base 12?
1990
41b (base 14) to base 4
30221
-541 (base 8) to base 10
-353
What is 1100011 (base 2) in base 11?
90
Convert 102212 (base 3) to base 11.
271
What is 32221 (base 4) in base 13?
571
Convert -190 (base 13) to base 10.
-286
What is 20201 (base 3) in base 11?
155
-14c60 (base 14) to base 6
-1035540
What is 1001001110101 (base 2) in base 8?
11165
Convert -1323 (base 4) to base 8.
-173
-25f7 (base 16) to base 10
-9719
Convert -12111 (base 3) to base 11.
-125
9cd8 (base 15) to base 5
2031103
What is 1a (base 12) in base 14?
18
5135 (base 8) to base 13
1291
Convert 96 (base 11) to base 5.
410
-22024 (base 10) to base 3
-1010012201
963 (base 13) to base 6
11230
Convert aa80 (base 15) to base 12.
18aa0
What is 100012100 (base 3) in base 4?
1220301
What is 1124 (base 7) in base 6?
1522
12b6 (base 16) to base 8
11266
Convert -b105 (base 13) to base 3.
-1020101112
Convert -100610 (base 8) to base 12.
-17234
What is 2e3 (base 15) in base 10?
663
10614 (base 9) to base 6
52404
Convert -17227 (base 10) to base 8.
-41513
What is 311101 (base 4) in base 6?
23441
What is 2598 (base 14) in base 13?
300b
What is 30c9 (base 14) in base 9?
12473
1010010110 (base 2) to base 6
3022
Convert 41335 (base 6) to base 9.
7525
What is -11b (base 13) in base 14?
-db
Convert 9917 (base 13) to base 8.
51502
Convert 3a43 (base 13) to base 10.
8336
-197 (base 16) to base 15
-1c2
What is 5d63 (base 14) in base 15?
4ca5
Convert -c04 (base 14) to base 3.
-10020021
1002340 (base 5) to base 13
7366
What is -3abc (base 15) in base 6?
-134040
-314 (base 12) to base 11
-378
Convert -1010a (base 11) to base 6.
-152220
1667 (base 8) to base 2
1110110111
-390c (base 13) to base 8
-17674
Convert 1321 (base 7) to base 10.
505
Convert 30313 (base 6) to base 5.
112010
What is -9702 (base 12) in base 14?
-6070
-25043 (base 6) to base 7
-13533
Convert 7821 (base 15) to base 2.
110001101110000
-121320 (base 5) to base 6
-33121
12523 (base 9) to base 3
102120210
What is 12011 (base 4) in base 5?
3024
Convert 2862 (base 13) to base 11.
4417
Convert -94 (base 10) to base 7.
-163
What is 15bd (base 14) in base 3?
12100010
Convert 21154 (base 6) to base 3.
10221121
10743 (base 11) to base 6
155531
5350 (base 9) to base 13
1a37
What is 22104 (base 5) in base 15?
6be
What is 1251 (base 6) in base 2?
100111111
Convert -1fc (base 16) to base 4.
-13330
What is 210010 (base 3) in base 11?
479
Convert -11550 (base 6) to base 5.
-23342
Convert -2020 (base 3) to base 14.
-44
Convert 2221 (base 7) to base 15.
384
-2083 (base 11) to base 16
-ac1
What is -2222 (base 4) in base 9?
-208
Convert b639 (base 12) to base 8.
46715
Convert 21413 (base 5) to base 12.
a37
-101001011110001 (base 2) to base 3
-1002010102
-31331 (base 4) to base 13
-539
Convert -11b (base 16) to base 13.
-18a
-21964 (base 11) to base 14
-b816
-245 (base 8) to base 4
-2211
11320213 (base 4) to base 16
5e27
Convert -233432 (base 5) to base 10.
-8617
-101011111 (base 2) to base 5
-2401
What is 1143100 (base 5) in base 12?
10642
What is 1101000100 (base 2) in base 3?
1010222
-160216 (base 7) to base 5
-2000244
What is -11011100110 (base 2) in base 12?
-1032
What is 210111020 (base 3) in base 8?
36462
What is -1010000100 (base 2) in base 12?
-458
Convert -25a65 (base 11) to base 12.
-19656
285d (base 15) to base 7
34120
What is 166 (base 7) in base 13?
76
Convert 220473 (base 8) to base 12.
36a23
-34 (base 16) to base 12
-44
17d (base 14) to base 11
25a
2657 (base 13) to base 10
5480
What is -50068 (base 9) in base 11?
-2276a
What is 49a (base 13) in base 12?
56b
Convert 2360 (base 7) to base 13.
524
Convert 122371 (base 8) to base 5.
2322413
Convert 2020021 (base 3) to base 9.
2207
7597 (base 10) to base 16
1dad
-756 (base 9) to base 16
-26a
Convert 4411 (base 9) to base 3.
11110101
-a3b4 (base 12) to base 10
-17848
5b2 (base 13) to base 9
1320
10101110110 (base 2) to base 5
21043
Convert 1526 (base 7) to base 3.
211112
1383 (base 9) to base 14
54b
Convert 22211002 (base 3) to base 14.
24b2
What is 11d (base 15) in base 13?
166
What is -33310 (base 7) in base 11?
-6334
-203432 (base 5) to base 16
-1a56
Convert 27b3 (base 13) to base 11.
4333
What is 1206 (base 8) in base 9?
787
Convert 107 (base 13) to base 3.
20112
What is 11120 (base 8) in base 13?
2198
What is -109 (base 10) in base 14?
-7b
Convert -10101111000 (base 2) to base 9.
-1825
-11000101000 (base 2) to base 10
-1576
What is 5864 (base 12) in base 14?
384c
-1001010101110 (base 2) to base 6
-34050
Convert -2683 (base 9) to base 11.
-1576
Convert 1453 (base 9) to base 2.
10001001101
What is 6031 (base 9) in base 15?
1487
Convert 1030532 (base 6) to base 3.
2120121102
1023323 (base 4) to base 11
3718
Convert -111311 (base 4) to base 14.
-71b
What is 903 (base 10) in base 9?
1213
-d2bd (base 15) to base 12
-21907
Convert -2582 (base 9) to base 11.
-1501
-23a (base 14) to base 11
-374
Convert 101101101 (base 2) to base 12.
265
Convert 3422 (base 9) to base 11.
19a1
What is 381 (base 14) in base 3?
221222
What is -233124 (base 6) in base 9?
-30557
What is -565 (base 7) in base 12?
-204
What is -113 (base 13) in base 16?
-b9
-6d8 (base 16) to base 8
-3330
Convert -44465 (base 8) to base 15.
-5846
Convert -121243 (base 6) to base 2.
-10100110111011
What is 313400 (base 5) in base 11?
7963
Convert -2d5a (base 14) to base 9.
-12117
-1260 (base 10) to base 3
-1201200
-203 (base 13) to base 7
-665
Convert 6103 (base 7) to base 10.
2110
-1101001101 (base 2) to base 11
-6a9
What is -394 (base 13) in base 15?
-2bd
-1156 (base 9) to base 14
-457
What is -c5f (base 16) in base 9?
-4308
What is -110011111001010 (base 2) in base 7?
-140315
What is 121011 (base 3) in base 7?
1162
Convert 5675 (base 10) to base 6.
42135
What is -15158 (base 9) in base 3?
-112011222
1c6a (base 14) to base 16
1446
40130 (base 5) to base 8
4754
What is 42445 (base 8) in base 13?
8098
-402533 (base 7) to base 5
-4140213
Convert -43120 (base 6) to base 14.
-2200
Convert -598 (base 15) to base 14.
-668
Convert -523 (base 9) to base 4.
-12222
What is 16423 (base 9) in base 12?
6640
Convert -1422 (base 6) to base 4.
-11312
1213101 (base 4) to base 5
202414
Convert 3103004 (base 5) to base 10.
50379
Convert -30303031 (base 4) to base 3.
-2122220211
What is 3463 (base 13) in base 5?
213343
Convert -c93 (base 13) to base 12.
-12b0
Convert 10010122 (base 3) to base 16.
8ed
What is 17b3 (base 14) in base 7?
15313
Convert -115 (base 13) to base 3.
-20221
Convert -328 (base 9) to base 15.
-12e
What is 8868 (base 14) in base 5?
1223422
What is -42101 (base 5) in base 12?
-1734
Convert 11000110001 (base 2) to base 13.
94c
What is -10121011 (base 3) in base 16?
-a3f
Convert -31655 (base 10) to base 12.
-1639b
Convert 100100 (base 2) to base 8.
44
What is 10303 (base 4) in base 2?
100110011
What is -10847 (base 9) in base 12?
-4244
Convert 130324 (base 7) to base 9.
36141
-124240 (base 8) to base 2
-1010100010100000
What is -43024 (base 10) in base 7?
-236302
125143 (base 8) to base 10
43619
Convert 5233 (base 6) to base 2.
10010010101
What is -4004441 (base 5) in base 13?
-22966
10022122 (base 4) to 